39 + 7985 = 7*s. List the prime factors of s.
2, 3, 113
Let h(r) = -r - 6. Let m be h(-12). List the prime factors of 591/m + (-4)/8.
2, 7
Suppose -8 = 6*w - 170. Suppose -3*g + 135 = -3*r, -2*g + w = 4*r - 45. What are the prime factors of g?
2, 3, 7
Let b(u) = 88*u - 18. Let z(p) = -8*p - 45. Let m be z(-6). What are the prime factors of b(m)?
2, 3, 41
Let p = 9066 + -3839. List the prime factors of p.
5227
Let i = -19 - -26. Suppose i*m - m = 792. Suppose 0 = 2*d + 2*d - m. List the prime factors of d.
3, 11
Suppose 0*a - a = -4. Suppose 0 = -3*l - 0*b - 2*b + 199, -b - 258 = -a*l. What are the prime factors of l?
5, 13
Let w(g) = 2*g - 2*g**2 - 1 - g**2 - 3*g - 3*g**3 + g**3. List the prime factors of w(-3).
29
Let v(g) = 4*g**2 + g. Let d be v(0). Suppose d = -9*f + 555 + 696. What are the prime factors of f?
139
Suppose 145 = -5*w + 4*g, -4*w + g = 166 - 61. What are the prime factors of (15/w)/(-1)*25?
3, 5
Suppose r - 5 + 3 = 0. Suppose -r*f - 3*m = -21, m = -5*f - 1 + 21. Let n(h) = 6*h - 6. What are the prime factors of n(f)?
2, 3
Let g(c) = -c**3 - 12*c**2 - 12*c + 8. Let k = 61 + -19. Suppose 0 - 25 = 2*a - 3*f, 4*a = -2*f - k. List the prime factors of g(a).
19
Let u = -24 - -28. Suppose u*m - 173 = -c, -c + 216 = 4*m + m. Let d = 72 - m. List the prime factors of d.
29
Suppose -2*i = k + k, -3*k + 4*i = 21. Let c be k + ((-12)/1)/(-4). Suppose -f - 2*m + 27 = 0, 3*f + c*f = 2*m + 57. What are the prime factors of f?
3, 7
Let j = -423 - -1369. List the prime factors of j.
2, 11, 43
Suppose -3*s + 98 = -b, -74 + 224 = 5*s + b. Suppose -6 = 5*d - s. What are the prime factors of (d + (-2 - 1))*11?
2, 11
Suppose 3*g - 2*g - 3 = 0. Suppose h = 3*i - 41, -4*i + 28 = 4*h - 0*h. List the prime factors of 306/i - g/6.
5
Let z(v) = 37*v - 43*v - 3 - 4 + v**3 - 3*v**2. Let a be z(5). Suppose a = c - 12. List the prime factors of c.
5
Suppose -47 = 5*p + 253. List the prime factors of (196 - (-1 - -1)) + 62 + p.
2, 3, 11
Suppose 10 = 17*i - 12*i. Suppose -45 = -j - 3*q, -60 = -i*j + 5*q - 3. What are the prime factors of j?
2, 3
Let x = -17 - -22. Suppose 25 = r + i + 2*i, x*i - 75 = -5*r. List the prime factors of r.
2, 5
Suppose 0 = -3*o - w + 2, -3*o = -0*w - 3*w - 18. Suppose 2*u + 41 = o*p - 109, -90 = u - 4*p. Let j = u - -126. List the prime factors of j.
2, 7
List the prime factors of (2 - 11616/(-36))/(2/6).
2, 487
Suppose 218 = 3*t - 4*c - 974, 1196 = 3*t - 2*c. Let w = -86 + t. What are the prime factors of w?
2, 157
Let a(l) = -24*l**3 + 6*l**2 + 15*l + 29. What are the prime factors of a(-3)?
2, 7
Let a(v) = v + 6. Suppose 0 = 101*g - 105*g. What are the prime factors of a(g)?
2, 3
Suppose 2*h + 472 = g, -15*g + 4*h - 1936 = -19*g. List the prime factors of g.
2, 3, 5
Suppose m = -a - 2, 3*m + m = 2*a - 20. Suppose 157 = a*z - w, 0*w = -4*w + 4. What are the prime factors of 6/27 + z/9?
3
List the prime factors of 4 - ((-595631)/235 + 3/5).
2, 3, 47
Let p be (6 + -6)/(1/(-1)). Let f(b) = -b**2 - 2*b + 250. List the prime factors of f(p).
2, 5
Let w(x) = 17*x**3 + 7*x - 11. List the prime factors of w(5).
7, 307
What are the prime factors of (-29092)/(-16) + 24/(-96)?
2, 3, 101
List the prime factors of 10/70*(4 + 3) + 1515.
2, 379
Let n(a) = 74*a**2 - 26*a - 20. List the prime factors of n(-4).
2, 317
Suppose -3*g + 1 = b - 8, -4*g = -b - 12. Suppose 0*z + 2*z - 24 = b. What are the prime factors of (3/z)/((-2)/(-40))?
5
Suppose 5*a + 88 = 3*a. What are the prime factors of (42/(-4))/(33/a)?
2, 7
Suppose -4*a - 15 = -35. Suppose -y + 2*s = -14, -a*s - 8 = 3*y - 28. What are the prime factors of y?
2, 5
Let u(h) = h**3 + 5*h**2 - 12*h - 9. List the prime factors of u(-6).
3
Suppose 5*o = 3890 + 5600. List the prime factors of o.
2, 13, 73
Let z be ((-4)/(-20))/(6/(-15))*-4. What are the prime factors of (-5292)/(-30) - z/5?
2, 11
Let w = -383 - -1408. List the prime factors of w.
5, 41
Let g = -382 + 1323. List the prime factors of g.
941
Suppose 51392 = 14*z + 50*z. What are the prime factors of z?
11, 73
Suppose -13*l - 97 = -331. List the prime factors of l.
2, 3
What are the prime factors of -3*(2 + (-1255)/15)?
5, 7
Let y be 18/9*26/4. Suppose d = y + 5. List the prime factors of d.
2, 3
Let b(s) = -5*s + 41 - 105 - 7*s - 22*s. List the prime factors of b(-8).
2, 13
Suppose -g - 2 + 3 = 0. Let m(s) = -s + 1. Let p be m(g). Let y(c) = -c**3 - c**2 + 40. List the prime factors of y(p).
2, 5
Suppose 5*t - 10 = 0, 3*q - 23 + 7 = -2*t. Suppose -9*i = -q*i - 630. List the prime factors of i.
2, 3, 7
List the prime factors of (186/(-155))/((-6)/15440).
2, 193
Let u(y) = 12*y**3 + 2*y**2 - 2*y - 3. Let j(v) = 23*v**3 + 5*v**2 - 3*v - 5. Let n(a) = 4*j(a) - 9*u(a). What are the prime factors of n(-2)?
131
List the prime factors of (-9 + (-5222)/(-21))/((-2)/(-6)).
719
List the prime factors of ((-108)/(-16))/(-1)*-44.
3, 11
Let p(q) = 31*q**2 - 2*q + 3. What are the prime factors of p(5)?
2, 3
Suppose -29 = -a + 4*l + 32, 2*l - 142 = -2*a. Let u = a + -15. What are the prime factors of u?
2, 3
Let g(k) = k**2 + 9*k + 17. Let y be g(11). Suppose 4*l - y = -2*r + 7*l, 0 = 3*r - 2*l - 353. List the prime factors of r.
3, 13
Let a = -285 - -507. Let d = 79 + a. What are the prime factors of d?
7, 43
Suppose -4*g = w - 655, 0 = -4*g + 51*w - 54*w + 645. What are the prime factors of g?
3, 5, 11
Suppose 2*r - 250 = 562. What are the prime factors of r?
2, 7, 29
Let w = 96 + -75. Let m = w + 75. List the prime factors of m.
2, 3
Let k be (-4 + 4)/(2/(-3)*-3). Suppose u + k*u - 39 = 0. What are the prime factors of u?
3, 13
Let z = -721 - -2059. List the prime factors of z.
2, 3, 223
Let x = -15 + 19. Suppose 4*s = -4*r, -2*r = -4*r - x*s - 10. What are the prime factors of r?
5
Let z be 1*(-76)/4*2. What are the prime factors of 17*(-2)/4*z?
17, 19
Suppose 22 = 2*i + 3*u, 0*i + i - 5*u - 24 = 0. Suppose 4*g = i*g - 1620. List the prime factors of g.
2, 3
Let h = 0 - -5. Suppose -s + 1 = b, h*s + b + 10 = -b. List the prime factors of 2/s - 117/(-6).
19
Let l = -82 + 41. What are the prime factors of ((l - -4)/(-1))/(0 + 1)?
37
Let t = 5089 + -3263. List the prime factors of t.
2, 11, 83
Let f be 603/45 - (-4)/(-10). Let j = f - 33. Let g = j - -31. List the prime factors of g.
11
Let q = -14 - -34. Let f be (-520)/(-9) + q/90. Suppose 3*p - 22 = -3*j + 8, 0 = 5*j + p - f. What are the prime factors of j?
2, 3
Suppose 4*c = 8*c. Suppose 0*a - 4*a + 8 = c. Suppose o - 84 = -a*o. What are the prime factors of o?
2, 7
Suppose j + 4513 = 3*x, 0 = -x + 3*x - 5*j - 3000. What are the prime factors of x?
5, 7, 43
Let a(k) = -k**3 + 8*k**2 - k + 8. Suppose 2*g - 12 - 4 = 0. Let d be a(g). Suppose d = -s - 4*s + 170. List the prime factors of s.
2, 17
Let r = -417 + 785. Suppose -r = -6*b + 2*b. Suppose 0*o + 4*o = b. What are the prime factors of o?
23
Let g = -1817 + 2690. List the prime factors of g.
3, 97
Let u be ((-5)/4)/((6/(-40))/(-3)). List the prime factors of u*(-5)/(25/5).
5
Suppose 73*d - 17169 = 236068. What are the prime factors of d?
3469
Suppose 2103*t - 69156 = 2086*t. List the prime factors of t.
2, 3, 113
Let s = 14 + -14. Suppose -2*j + s*j = 0. Let y(r) = -r + 15. List the prime factors of y(j).
3, 5
Let u(o) = 4*o - 55. Let l be u(18). Let s = 21 - l. List the prime factors of s.
2
Let p be 1 + (-7)/((-7)/39). Let l = p + 32. List the prime factors of l.
2, 3
Suppose 3 = x - 0. Suppose w + 24 = -x*w. Let p = 30 + w. List the prime factors of p.
2, 3
Let n be (-2)/(4/(-14)) - 154/22. Suppose -5*d - t = -260, d + t - 2*t - 52 = 0. Suppose n = 3*u - 23 - d. List the prime factors of u.
5
List the prime factors of (7 + 0 + -4)*(-19)/(-3).
19
Suppose g + 3 = 0, 2*j - 2*g - 1 = j. Let r = 43 + j. List the prime factors of r.
2, 19
Suppose 0 = 39*m - 42*m + 2553. What are the prime factors of m?
23, 37
Let u(y) = y**3 + 4*y**2 - 2*y - 3. Suppose 2*h + 3*d + 16 = h, 4*h = 2*d - 8. Let i be u(h). Suppose -i*g = -3*g - 80. List the prime factors of g.
2, 5
Let i(u) = -u**2 + 9*u + 17. Let s be 5*(-2)/(-15)*18. Suppose 15 = -4*m - m, o - m - s = 0. List the prime factors of i(o).
17
Let u(n) = 2*n + 22. Let r be u(-9). Suppose -4*k = -f - 1, r*k = 8*k + 4*f + 24. What are the prime factors of (2 + k)/((-6)/(-174))?
29
Suppose 2*n = h